{"id":3161,"date":"2024-08-14T14:55:57","date_gmt":"2024-08-14T12:55:57","guid":{"rendered":"https:\/\/maisoncalifornia.fr\/?post_type=product&#038;p=3161"},"modified":"2026-02-12T12:28:31","modified_gmt":"2026-02-12T11:28:31","slug":"t-shirt-femme-crop-oversize-malibu","status":"publish","type":"product","link":"https:\/\/maisoncalifornia.fr\/?product=t-shirt-femme-crop-oversize-malibu","title":{"rendered":"Last Piece ! T-shirt femme crop oversize &#8220;Malibu&#8221;"},"content":{"rendered":"","protected":false},"excerpt":{"rendered":"<p>Le T-shirt crop oversize pour femme qui fait partie de vos crushs \ud83d\ude09<\/p>\n<p>Imprim\u00e9 devant &#8220;Malibu&#8221; en rose paillet\u00e9 et au dos des trois palmiers de la marque.<\/p>\n<p>Jersey simple, 100% coton biologique fil\u00e9 et peign\u00e9, Tissu lav\u00e9, 155 GSM<\/p>\n<p>Coloris white.<\/p>\n<p>Tailles : XS (SOLD OUT S &#8211; M).<\/p>\n<p data-wp-editing=\"1\"><img decoding=\"async\" src=\"https:\/\/stanleystella.com\/media\/amasty\/shopby\/option_images\/slider\/was_30.png\" alt=\"Washing - 30\u00b0\" \/><img decoding=\"async\" src=\"https:\/\/stanleystella.com\/media\/amasty\/shopby\/option_images\/slider\/ble_not.png\" alt=\"Bleaching - No\" \/><img decoding=\"async\" src=\"https:\/\/stanleystella.com\/media\/amasty\/shopby\/option_images\/slider\/custom-no-wash.svg\" alt=\"Cleaning - No\" \/><img decoding=\"async\" src=\"https:\/\/stanleystella.com\/media\/amasty\/shopby\/option_images\/slider\/iro_max_110.png\" alt=\"Ironing - 110\u00b0\" \/><img decoding=\"async\" src=\"https:\/\/stanleystella.com\/media\/amasty\/shopby\/option_images\/slider\/dry_not.png\" alt=\"Drying - Tumble Dry No\" \/><\/p>\n","protected":false},"featured_media":3097,"comment_status":"open","ping_status":"closed","template":"","meta":{"jetpack_post_was_ever_published":false,"jetpack_publicize_message":"","jetpack_is_tweetstorm":false,"jetpack_publicize_feature_enabled":true,"jetpack_social_post_already_shared":true,"jetpack_social_options":[]},"product_cat":[166,164,165,201,161,345,186,162,160],"product_tag":[27,167],"class_list":{"0":"post-3161","1":"product","2":"type-product","3":"status-publish","4":"has-post-thumbnail","6":"product_cat-bio","7":"product_cat-blanc","8":"product_cat-cotonbio","9":"product_cat-fashion","10":"product_cat-femme","11":"product_cat-malibu","12":"product_cat-mode","13":"product_cat-pretaporter","14":"product_cat-t-shirt","15":"product_tag-malibu","16":"product_tag-t-shirt","17":"latest_post","19":"first","20":"instock","21":"shipping-taxable","22":"purchasable","23":"product-type-variable"},"jetpack_publicize_connections":[],"jetpack_sharing_enabled":true,"_links":{"self":[{"href":"https:\/\/maisoncalifornia.fr\/index.php?rest_route=\/wp\/v2\/product\/3161","targetHints":{"allow":["GET"]}}],"collection":[{"href":"https:\/\/maisoncalifornia.fr\/index.php?rest_route=\/wp\/v2\/product"}],"about":[{"href":"https:\/\/maisoncalifornia.fr\/index.php?rest_route=\/wp\/v2\/types\/product"}],"replies":[{"embeddable":true,"href":"https:\/\/maisoncalifornia.fr\/index.php?rest_route=%2Fwp%2Fv2%2Fcomments&post=3161"}],"wp:featuredmedia":[{"embeddable":true,"href":"https:\/\/maisoncalifornia.fr\/index.php?rest_route=\/wp\/v2\/media\/3097"}],"wp:attachment":[{"href":"https:\/\/maisoncalifornia.fr\/index.php?rest_route=%2Fwp%2Fv2%2Fmedia&parent=3161"}],"wp:term":[{"taxonomy":"product_cat","embeddable":true,"href":"https:\/\/maisoncalifornia.fr\/index.php?rest_route=%2Fwp%2Fv2%2Fproduct_cat&post=3161"},{"taxonomy":"product_tag","embeddable":true,"href":"https:\/\/maisoncalifornia.fr\/index.php?rest_route=%2Fwp%2Fv2%2Fproduct_tag&post=3161"}],"curies":[{"name":"wp","href":"https:\/\/api.w.org\/{rel}","templated":true}]}}