{"id":3135,"date":"2024-08-14T14:58:26","date_gmt":"2024-08-14T12:58:26","guid":{"rendered":"https:\/\/maisoncalifornia.fr\/?post_type=product&#038;p=3135"},"modified":"2024-08-14T14:58:26","modified_gmt":"2024-08-14T12:58:26","slug":"sweat-shirt-kids-malibu-van","status":"publish","type":"product","link":"https:\/\/maisoncalifornia.fr\/?product=sweat-shirt-kids-malibu-van","title":{"rendered":"Sweat-shirt Kids &#8220;Malibu Van&#8221;"},"content":{"rendered":"","protected":false},"excerpt":{"rendered":"<p>Big crush pour le sweat-shirt des Cali Kids !<\/p>\n<p>Imprim\u00e9 au c\u0153ur du van de Maison California et brod\u00e9 au dos des trois palmiers de la marque.<\/p>\n<p>Dessin exclusif pour Maison California par Lala Illustration.<\/p>\n<p>Coupe unisexe droite.<\/p>\n<p>Molleton bross\u00e9, 100% coton biologique fil\u00e9 et peign\u00e9, Panneaux lav\u00e9s, 300 GSM<\/p>\n<p>Coloris vert turquoise.<\/p>\n<p>Tailles : 5-6 ans \/ 7-8 ans \/ 9-11 ans \/ 12-13 ans.<\/p>\n<p data-wp-editing=\"1\"><img decoding=\"async\" src=\"https:\/\/stanleystella.com\/media\/amasty\/shopby\/option_images\/slider\/was_30.png\" alt=\"Washing - 30\u00b0\" \/><img decoding=\"async\" src=\"https:\/\/stanleystella.com\/media\/amasty\/shopby\/option_images\/slider\/ble_not.png\" alt=\"Bleaching - No\" \/><img decoding=\"async\" src=\"https:\/\/stanleystella.com\/media\/amasty\/shopby\/option_images\/slider\/custom-no-wash.svg\" alt=\"Cleaning - No\" \/><img decoding=\"async\" src=\"https:\/\/stanleystella.com\/media\/amasty\/shopby\/option_images\/slider\/iro_max_110.png\" alt=\"Ironing - 110\u00b0\" \/><img decoding=\"async\" src=\"https:\/\/stanleystella.com\/media\/amasty\/shopby\/option_images\/slider\/dry_not.png\" alt=\"Drying - Tumble Dry No\" \/><\/p>\n","protected":false},"featured_media":3140,"comment_status":"open","ping_status":"closed","template":"","meta":{"jetpack_post_was_ever_published":false,"jetpack_publicize_message":"","jetpack_is_tweetstorm":false,"jetpack_publicize_feature_enabled":true,"jetpack_social_post_already_shared":true,"jetpack_social_options":[]},"product_cat":[166,165,201,176,177,345,186,162,182,23],"product_tag":[181,27,214,24],"class_list":{"0":"post-3135","1":"product","2":"type-product","3":"status-publish","4":"has-post-thumbnail","6":"product_cat-bio","7":"product_cat-cotonbio","8":"product_cat-fashion","9":"product_cat-enfant","10":"product_cat-kids","11":"product_cat-malibu","12":"product_cat-mode","13":"product_cat-pretaporter","14":"product_cat-unisexe","15":"product_cat-sweatshirts","16":"product_tag-kids","17":"product_tag-malibu","18":"product_tag-sweat-shirt","19":"product_tag-sweatshirt","20":"latest_post","22":"first","23":"instock","24":"shipping-taxable","25":"purchasable","26":"product-type-variable"},"jetpack_publicize_connections":[],"jetpack_sharing_enabled":true,"_links":{"self":[{"href":"https:\/\/maisoncalifornia.fr\/index.php?rest_route=\/wp\/v2\/product\/3135","targetHints":{"allow":["GET"]}}],"collection":[{"href":"https:\/\/maisoncalifornia.fr\/index.php?rest_route=\/wp\/v2\/product"}],"about":[{"href":"https:\/\/maisoncalifornia.fr\/index.php?rest_route=\/wp\/v2\/types\/product"}],"replies":[{"embeddable":true,"href":"https:\/\/maisoncalifornia.fr\/index.php?rest_route=%2Fwp%2Fv2%2Fcomments&post=3135"}],"wp:featuredmedia":[{"embeddable":true,"href":"https:\/\/maisoncalifornia.fr\/index.php?rest_route=\/wp\/v2\/media\/3140"}],"wp:attachment":[{"href":"https:\/\/maisoncalifornia.fr\/index.php?rest_route=%2Fwp%2Fv2%2Fmedia&parent=3135"}],"wp:term":[{"taxonomy":"product_cat","embeddable":true,"href":"https:\/\/maisoncalifornia.fr\/index.php?rest_route=%2Fwp%2Fv2%2Fproduct_cat&post=3135"},{"taxonomy":"product_tag","embeddable":true,"href":"https:\/\/maisoncalifornia.fr\/index.php?rest_route=%2Fwp%2Fv2%2Fproduct_tag&post=3135"}],"curies":[{"name":"wp","href":"https:\/\/api.w.org\/{rel}","templated":true}]}}