{"id":2074,"date":"2024-04-08T19:43:14","date_gmt":"2024-04-08T17:43:14","guid":{"rendered":"https:\/\/maisoncalifornia.fr\/?post_type=product&#038;p=2074"},"modified":"2024-04-14T12:21:09","modified_gmt":"2024-04-14T10:21:09","slug":"casquette-trucker-brodee-unplugged","status":"publish","type":"product","link":"https:\/\/maisoncalifornia.fr\/?product=casquette-trucker-brodee-unplugged","title":{"rendered":"Casquette trucker brod\u00e9e &#8220;Unplugged&#8221;"},"content":{"rendered":"","protected":false},"excerpt":{"rendered":"<p>La casquette trucker brod\u00e9e Gold de la capsule \u201cUnplugged\u201d en \u00e9dition tr\u00e8s limit\u00e9e.<br \/>\nColoris black, front effet daim.<br \/>\nTaille unique\/unisexe.<\/p>\n","protected":false},"featured_media":2132,"comment_status":"open","ping_status":"closed","template":"","meta":{"jetpack_post_was_ever_published":false,"jetpack_publicize_message":"","jetpack_is_tweetstorm":false,"jetpack_publicize_feature_enabled":true,"jetpack_social_post_already_shared":true,"jetpack_social_options":[]},"product_cat":[144,200,142,201,161,183,186,163,162,210,182,287],"product_tag":[305],"class_list":{"0":"post-2074","1":"product","2":"type-product","3":"status-publish","4":"has-post-thumbnail","6":"product_cat-accessoires","7":"product_cat-beachlife","8":"product_cat-casquette","9":"product_cat-fashion","10":"product_cat-femme","11":"product_cat-homme","12":"product_cat-mode","13":"product_cat-noir","14":"product_cat-pretaporter","15":"product_cat-streetstyle","16":"product_cat-unisexe","17":"product_cat-unplugged","18":"product_tag-co-5-unplugged","19":"latest_post","21":"first","22":"instock","23":"shipping-taxable","24":"purchasable","25":"product-type-simple"},"jetpack_publicize_connections":[],"jetpack_sharing_enabled":true,"_links":{"self":[{"href":"https:\/\/maisoncalifornia.fr\/index.php?rest_route=\/wp\/v2\/product\/2074","targetHints":{"allow":["GET"]}}],"collection":[{"href":"https:\/\/maisoncalifornia.fr\/index.php?rest_route=\/wp\/v2\/product"}],"about":[{"href":"https:\/\/maisoncalifornia.fr\/index.php?rest_route=\/wp\/v2\/types\/product"}],"replies":[{"embeddable":true,"href":"https:\/\/maisoncalifornia.fr\/index.php?rest_route=%2Fwp%2Fv2%2Fcomments&post=2074"}],"wp:featuredmedia":[{"embeddable":true,"href":"https:\/\/maisoncalifornia.fr\/index.php?rest_route=\/wp\/v2\/media\/2132"}],"wp:attachment":[{"href":"https:\/\/maisoncalifornia.fr\/index.php?rest_route=%2Fwp%2Fv2%2Fmedia&parent=2074"}],"wp:term":[{"taxonomy":"product_cat","embeddable":true,"href":"https:\/\/maisoncalifornia.fr\/index.php?rest_route=%2Fwp%2Fv2%2Fproduct_cat&post=2074"},{"taxonomy":"product_tag","embeddable":true,"href":"https:\/\/maisoncalifornia.fr\/index.php?rest_route=%2Fwp%2Fv2%2Fproduct_tag&post=2074"}],"curies":[{"name":"wp","href":"https:\/\/api.w.org\/{rel}","templated":true}]}}