{"id":1880,"date":"2023-09-04T13:26:05","date_gmt":"2023-09-04T11:26:05","guid":{"rendered":"https:\/\/maisoncalifornia.fr\/?post_type=product&#038;p=1880"},"modified":"2025-09-26T13:58:15","modified_gmt":"2025-09-26T11:58:15","slug":"t-shirt-delave-vintage-maison-california-x-trickydots","status":"publish","type":"product","link":"https:\/\/maisoncalifornia.fr\/?product=t-shirt-delave-vintage-maison-california-x-trickydots","title":{"rendered":"SOLD OUT \/ T-shirt d\u00e9lav\u00e9 vintage Maison California x Trickydots"},"content":{"rendered":"","protected":false},"excerpt":{"rendered":"<p>T-shirt d\u00e9lav\u00e9 vintage 100% coton bio.<br \/>\nBrod\u00e9 au coeur du logo Maison California et imprim\u00e9 au dos de la K7 Maison California, design exclusif de Trickydots.<br \/>\nManches courtes, effet d\u00e9lav\u00e9, teint par pi\u00e8ce donc unique!<br \/>\nCoupe unisexe classique.<br \/>\nColoris gris bleu.<br \/>\nTailles : SOLD OUT<\/p>\n","protected":false},"featured_media":2760,"comment_status":"open","ping_status":"closed","template":"","meta":{"jetpack_post_was_ever_published":true,"jetpack_publicize_message":"","jetpack_is_tweetstorm":false,"jetpack_publicize_feature_enabled":true,"jetpack_social_post_already_shared":true,"jetpack_social_options":[]},"product_cat":[288,201,161,183,342,160,20],"product_tag":[343],"class_list":{"0":"post-1880","1":"product","2":"type-product","3":"status-publish","4":"has-post-thumbnail","6":"product_cat-caligoldenclub","7":"product_cat-fashion","8":"product_cat-femme","9":"product_cat-homme","10":"product_cat-sweeties","11":"product_cat-t-shirt","12":"product_cat-non-classe","13":"product_tag-sweeties","14":"latest_post","16":"first","17":"outofstock","18":"shipping-taxable","19":"product-type-variable"},"jetpack_publicize_connections":[],"jetpack_sharing_enabled":true,"_links":{"self":[{"href":"https:\/\/maisoncalifornia.fr\/index.php?rest_route=\/wp\/v2\/product\/1880","targetHints":{"allow":["GET"]}}],"collection":[{"href":"https:\/\/maisoncalifornia.fr\/index.php?rest_route=\/wp\/v2\/product"}],"about":[{"href":"https:\/\/maisoncalifornia.fr\/index.php?rest_route=\/wp\/v2\/types\/product"}],"replies":[{"embeddable":true,"href":"https:\/\/maisoncalifornia.fr\/index.php?rest_route=%2Fwp%2Fv2%2Fcomments&post=1880"}],"wp:featuredmedia":[{"embeddable":true,"href":"https:\/\/maisoncalifornia.fr\/index.php?rest_route=\/wp\/v2\/media\/2760"}],"wp:attachment":[{"href":"https:\/\/maisoncalifornia.fr\/index.php?rest_route=%2Fwp%2Fv2%2Fmedia&parent=1880"}],"wp:term":[{"taxonomy":"product_cat","embeddable":true,"href":"https:\/\/maisoncalifornia.fr\/index.php?rest_route=%2Fwp%2Fv2%2Fproduct_cat&post=1880"},{"taxonomy":"product_tag","embeddable":true,"href":"https:\/\/maisoncalifornia.fr\/index.php?rest_route=%2Fwp%2Fv2%2Fproduct_tag&post=1880"}],"curies":[{"name":"wp","href":"https:\/\/api.w.org\/{rel}","templated":true}]}}