{"id":1737,"date":"2023-02-28T06:47:01","date_gmt":"2023-02-28T05:47:01","guid":{"rendered":"https:\/\/maisoncalifornia.fr\/?post_type=product&#038;p=1737"},"modified":"2024-09-02T06:33:24","modified_gmt":"2024-09-02T04:33:24","slug":"lunettes-de-soleil-coeur","status":"publish","type":"product","link":"https:\/\/maisoncalifornia.fr\/?product=lunettes-de-soleil-coeur","title":{"rendered":"Lunettes de soleil Coeur"},"content":{"rendered":"","protected":false},"excerpt":{"rendered":"<p>Les lunettes de soleil Coeur de la parfaite California Girl !<\/p>\n<p>Diff\u00e9rents coloris disponibles (rose, rouge, \u00e9cru, noir, jaune, \u00e9caille&#8230;).<br \/>\nTaille adulte unique.<br \/>\nProtection UV 400.<\/p>\n","protected":false},"featured_media":2210,"comment_status":"open","ping_status":"closed","template":"","meta":{"jetpack_post_was_ever_published":false,"jetpack_publicize_message":"","jetpack_is_tweetstorm":false,"jetpack_publicize_feature_enabled":true,"jetpack_social_post_already_shared":true,"jetpack_social_options":[]},"product_cat":[144,200,201,161,143,308,145,186,163,205,185],"product_tag":[255,203,256,147,267],"class_list":{"0":"post-1737","1":"product","2":"type-product","3":"status-publish","4":"has-post-thumbnail","6":"product_cat-accessoires","7":"product_cat-beachlife","8":"product_cat-fashion","9":"product_cat-femme","10":"product_cat-lifestyle","11":"product_cat-lunettes-de-soleil","12":"product_cat-maisoncalifornia","13":"product_cat-mode","14":"product_cat-noir","15":"product_cat-pink","16":"product_cat-vintage","17":"product_tag-coeur","18":"product_tag-fashion","19":"product_tag-girly","20":"product_tag-lifestyle","21":"product_tag-lunettes-de-soleil","22":"latest_post","24":"first","25":"instock","26":"featured","27":"shipping-taxable","28":"purchasable","29":"product-type-variable"},"jetpack_publicize_connections":[],"jetpack_sharing_enabled":true,"_links":{"self":[{"href":"https:\/\/maisoncalifornia.fr\/index.php?rest_route=\/wp\/v2\/product\/1737","targetHints":{"allow":["GET"]}}],"collection":[{"href":"https:\/\/maisoncalifornia.fr\/index.php?rest_route=\/wp\/v2\/product"}],"about":[{"href":"https:\/\/maisoncalifornia.fr\/index.php?rest_route=\/wp\/v2\/types\/product"}],"replies":[{"embeddable":true,"href":"https:\/\/maisoncalifornia.fr\/index.php?rest_route=%2Fwp%2Fv2%2Fcomments&post=1737"}],"wp:featuredmedia":[{"embeddable":true,"href":"https:\/\/maisoncalifornia.fr\/index.php?rest_route=\/wp\/v2\/media\/2210"}],"wp:attachment":[{"href":"https:\/\/maisoncalifornia.fr\/index.php?rest_route=%2Fwp%2Fv2%2Fmedia&parent=1737"}],"wp:term":[{"taxonomy":"product_cat","embeddable":true,"href":"https:\/\/maisoncalifornia.fr\/index.php?rest_route=%2Fwp%2Fv2%2Fproduct_cat&post=1737"},{"taxonomy":"product_tag","embeddable":true,"href":"https:\/\/maisoncalifornia.fr\/index.php?rest_route=%2Fwp%2Fv2%2Fproduct_tag&post=1737"}],"curies":[{"name":"wp","href":"https:\/\/api.w.org\/{rel}","templated":true}]}}