{"id":1598,"date":"2022-11-07T11:26:53","date_gmt":"2022-11-07T10:26:53","guid":{"rendered":"https:\/\/maisoncalifornia.fr\/?post_type=product&#038;p=1598"},"modified":"2024-04-14T12:18:53","modified_gmt":"2024-04-14T10:18:53","slug":"casquette-effet-daim-black-maison-california","status":"publish","type":"product","link":"https:\/\/maisoncalifornia.fr\/?product=casquette-effet-daim-black-maison-california","title":{"rendered":"Casquette effet daim black &#8220;Maison California&#8221;"},"content":{"rendered":"","protected":false},"excerpt":{"rendered":"<p>La casquette effet daim so sexy, brod\u00e9e aux couleurs fra\u00eeches de Maison California ! En \u00e9dition tr\u00e8s tr\u00e8s limit\u00e9e ! <\/p>\n","protected":false},"featured_media":2134,"comment_status":"open","ping_status":"closed","template":"","meta":{"jetpack_post_was_ever_published":false,"jetpack_publicize_message":"","jetpack_is_tweetstorm":false,"jetpack_publicize_feature_enabled":true,"jetpack_social_post_already_shared":true,"jetpack_social_options":[]},"product_cat":[144,142,145,162,182],"product_tag":[204,146,203,173,188],"class_list":{"0":"post-1598","1":"product","2":"type-product","3":"status-publish","4":"has-post-thumbnail","6":"product_cat-accessoires","7":"product_cat-casquette","8":"product_cat-maisoncalifornia","9":"product_cat-pretaporter","10":"product_cat-unisexe","11":"product_tag-black","12":"product_tag-casquette","13":"product_tag-fashion","14":"product_tag-mode","15":"product_tag-unisexe","16":"latest_post","18":"first","19":"instock","20":"shipping-taxable","21":"purchasable","22":"product-type-simple"},"jetpack_publicize_connections":[],"jetpack_sharing_enabled":true,"_links":{"self":[{"href":"https:\/\/maisoncalifornia.fr\/index.php?rest_route=\/wp\/v2\/product\/1598","targetHints":{"allow":["GET"]}}],"collection":[{"href":"https:\/\/maisoncalifornia.fr\/index.php?rest_route=\/wp\/v2\/product"}],"about":[{"href":"https:\/\/maisoncalifornia.fr\/index.php?rest_route=\/wp\/v2\/types\/product"}],"replies":[{"embeddable":true,"href":"https:\/\/maisoncalifornia.fr\/index.php?rest_route=%2Fwp%2Fv2%2Fcomments&post=1598"}],"wp:featuredmedia":[{"embeddable":true,"href":"https:\/\/maisoncalifornia.fr\/index.php?rest_route=\/wp\/v2\/media\/2134"}],"wp:attachment":[{"href":"https:\/\/maisoncalifornia.fr\/index.php?rest_route=%2Fwp%2Fv2%2Fmedia&parent=1598"}],"wp:term":[{"taxonomy":"product_cat","embeddable":true,"href":"https:\/\/maisoncalifornia.fr\/index.php?rest_route=%2Fwp%2Fv2%2Fproduct_cat&post=1598"},{"taxonomy":"product_tag","embeddable":true,"href":"https:\/\/maisoncalifornia.fr\/index.php?rest_route=%2Fwp%2Fv2%2Fproduct_tag&post=1598"}],"curies":[{"name":"wp","href":"https:\/\/api.w.org\/{rel}","templated":true}]}}