{"id":862,"date":"2019-08-28T11:47:11","date_gmt":"2019-08-28T09:47:11","guid":{"rendered":"http:\/\/maisond.cluster024.hosting.ovh.net\/?page_id=862"},"modified":"2019-08-28T12:00:16","modified_gmt":"2019-08-28T10:00:16","slug":"mathilde","status":"publish","type":"page","link":"https:\/\/maisoncalifornia.fr\/?page_id=862","title":{"rendered":"Mathilde"},"content":{"rendered":"\n<div class=\"wp-block-cover has-very-dark-gray-background-color has-right-content aligncenter is-layout-flow wp-block-cover-is-layout-flow\" style=\"background-image:url(http:\/\/maisond.cluster024.hosting.ovh.net\/wp-content\/uploads\/2019\/08\/gettyimages-726798615.jpg)\"><p class=\"wp-block-cover-text\"><br><br><br><br><br>                                                 San Francisco<\/p><\/div>\n\n\n\n<h1 class=\"wp-block-heading\">L&#8217;interview de Mathilde, 49 ans et 10 ans \u00e0 l&#8217;\u00e9tranger.<\/h1>\n\n\n\n<div class=\"wp-block-columns has-2-columns is-layout-flex wp-container-core-columns-is-layout-9d6595d7 wp-block-columns-is-layout-flex\">\n<div class=\"wp-block-column is-layout-flow wp-block-column-is-layout-flow\">\n<p><strong>POURQUOI LA\nCALIFORNIE?&nbsp;DEPUIS COMBIEN DE TEMPS VIVEZ-VOUS EN CALIFORNIE?<\/strong><\/p>\n\n\n\n<p class=\"has-drop-cap\">Mon mari est Am\u00e9ricain. N\u00e9 en Californie du sud mais a grandi sur la c\u00f4te est. Apres un passage de vie a l\u2019\u00e9tranger, il a eu envie de &#8220;retourner a la maison&#8221;.<\/p>\n\n\n\n<p>Depuis 1 ans et demi.<\/p>\n\n\n\n<p><strong>QUE\nREPR\u00c9SENTE POUR VOUS LE LIFESTYLE (L\u2019ART DE VIVRE) CALIFORNIEN?&nbsp;<\/strong><\/p>\n\n\n\n<p>Etre dans la nature souvent, faire des activit\u00e9s \u00e0 l&#8217;ext\u00e9rieur, un mode de vie actif : sport, nourriture saine, conscience environnementale minimum. <\/p>\n\n\n\n<p>Et tout le lifestyle americain en plus : travailler pour avoir de l\u2019argent et \u00eatre reconnu socialement, passer du temps entre amis, le passe temps du sport (football, baseball et autres).<br><\/p>\n\n\n\n<p><strong>QUELLE EST\nVOTRE JOURN\u00c9E TYPE EN CALIFORNIE?&nbsp;<\/strong><\/p>\n\n\n\n<p>Lever t\u00f4t : 6h, travail typique 9-5h, activit\u00e9s, d\u00eener t\u00f4t, coucher t\u00f4t.. <\/p>\n\n\n\n<p><strong>QUE\nFAITES-VOUS LE WEEK-END OU DURANT LES P\u00c9RIODES DE VACANCES?&nbsp;<\/strong><\/p>\n\n\n\n<p> Weekend : Repos \u00e0 la maison et dans le jardin pour d\u00e9compresser de la semaine en bullant ou lisant. Balades dans la nature ou dans la ville pour d\u00e9couvrir de nouveaux endroits ou aller l\u00e0 o\u00f9 on aime. D\u00e9couvrir de nouveaux resto. <\/p>\n\n\n\n<p>Sport : yoga, course a pied, surf. Plage, for\u00eat ou autre. Seule, en couple, avec des amis. Courts voyage dans Etat. <\/p>\n\n\n\n<p>Vacances : voyage dans l&#8217;Etat de Californie ou hors de Etat ou hors des US, voyager pour d\u00e9couvrir et d\u00e9connecter. <\/p>\n\n\n\n<p><strong>QUELLE EST\nVOTRE ACTIVIT\u00c9 FAVORITE (LOISIR OU AUTRE) EN CALIFORNIE?&nbsp;<\/strong><\/p>\n\n\n\n<p>D\u00e9couvrir, visiter de nouveaux lieux. Il y a tellement de choses, nature ou ville qu\u2019il y a toujours des endroits \u00e0 d\u00e9couvrir, ou aller se balader, ou m\u00eame des restos.&nbsp; <\/p>\n<\/div>\n\n\n\n<div class=\"wp-block-column is-layout-flow wp-block-column-is-layout-flow\">\n<p><strong>QUE REPR\u00c9SENTERAIT POUR VOUS LE MIEUX LE LIFESTYLE CALIFORNIEN ? <\/strong><\/p>\n\n\n\n<blockquote class=\"wp-block-quote is-style-large is-layout-flow wp-block-quote-is-layout-flow\"><p>&#8220;C\u2019est une question compliqu\u00e9e car je crois qu\u2019il y a plusieurs styles Californiens : du Nord &#8211; San Francisco et la baie, le centre, le grand L.A, et San Diego&#8221;. <\/p><\/blockquote>\n\n\n\n<p>Il pourrait y avoir une personnalit\u00e9 pour chaque r\u00e9gion de Etat, car culturellement c\u2019est vraiment diff\u00e9rent.<br>Je dirait Yvon Chouinard, le fondateur de Patagonia. <\/p>\n\n\n\n<p><strong>SI VOUS\nDEVIEZ RETENIR UN OBJET EMBL\u00c9MATIQUE?&nbsp;<\/strong><\/p>\n\n\n\n<p> Les chaussures de sport. <\/p>\n\n\n\n<p><strong>SI VOUS DEVIEZ RETENIR UN EMBL\u00c8ME OU UN SITE EMBL\u00c9MATIQUE DE LA CALIFORNIE (FAVORI, EX: MONUMENT, ARCHITECTURE)?&nbsp;<\/strong><\/p>\n\n\n\n<p>The GG.<\/p>\n\n\n\n<p> <strong>UN LIVRE? ET UN FILM LE PLUS CULTE\/REPR\u00c9SENTATIF POUR VOUS DE LA CALIFORNIE?&nbsp;<\/strong><\/p>\n\n\n\n<p>Book : Wild.<br>Movie : Milk <\/p>\n\n\n\n<p><strong>QU\u2019EST-CE\nQUE VOUS TROUVEZ EN CALIFORNIE QUE VOUS NE TROUVERIEZ PAS EN FRANCE?&nbsp;<\/strong><\/p>\n\n\n\n<p>Un climat doux toute l&#8217;ann\u00e9e.<br>Layback mentality.<\/p>\n\n\n\n<p><strong>QU\u2019EST-CE\nQUE VOUS TROUVEZ EN FRANCE QUE VOUS NE TROUVEZ PAS EN CALIFORNIE?&nbsp;<\/strong><\/p>\n\n\n\n<p> De longues vacances.<br><\/p>\n\n\n\n<p><strong>QUELLES SONT VOS BONNES ADRESSES \u00c0 PARTAGER (FOOD, DECO, MODE,\nBEAUT\u00c9)?&nbsp;<\/strong><\/p>\n\n\n\n<p style=\"background-color:#fbb3b3\" class=\"has-text-color has-background has-very-dark-gray-color\"><strong>Divisadero street in San Francisco <\/strong><\/p>\n\n\n\n<p class=\"has-text-color has-very-dark-gray-color\"><strong>QU\u2019EST-CE\nQUE VOUS REGRETTERIEZ SI VOUS QUITTIEZ LA CALIFORNIE?&nbsp;<\/strong><\/p>\n\n\n\n<p>Savoir profiter de la vie.<\/p>\n<\/div>\n<\/div>\n\n\n<p><!--EndFragment--><\/p>\n<p><\/p>","protected":false},"excerpt":{"rendered":"<p>L&#8217;interview de Mathilde, 49 ans et 10 ans \u00e0 l&#8217;\u00e9tranger. POURQUOI LA CALIFORNIE?&nbsp;DEPUIS COMBIEN DE TEMPS VIVEZ-VOUS EN CALIFORNIE? Mon mari est Am\u00e9ricain. N\u00e9 en Californie du sud mais a grandi sur la c\u00f4te est. Apres un passage de vie a l\u2019\u00e9tranger, il a eu envie de &#8220;retourner a la maison&#8221;. Depuis 1 ans et demi. QUE REPR\u00c9SENTE POUR VOUS LE LIFESTYLE (L\u2019ART DE VIVRE) &hellip; <\/p>\n","protected":false},"author":1,"featured_media":0,"parent":0,"menu_order":0,"comment_status":"closed","ping_status":"closed","template":"","meta":{"jetpack_post_was_ever_published":false,"footnotes":""},"class_list":["post-862","page","type-page","status-publish","hentry","latest_post"],"jetpack_sharing_enabled":true,"jetpack_shortlink":"https:\/\/wp.me\/PaWNfV-dU","_links":{"self":[{"href":"https:\/\/maisoncalifornia.fr\/index.php?rest_route=\/wp\/v2\/pages\/862","targetHints":{"allow":["GET"]}}],"collection":[{"href":"https:\/\/maisoncalifornia.fr\/index.php?rest_route=\/wp\/v2\/pages"}],"about":[{"href":"https:\/\/maisoncalifornia.fr\/index.php?rest_route=\/wp\/v2\/types\/page"}],"author":[{"embeddable":true,"href":"https:\/\/maisoncalifornia.fr\/index.php?rest_route=\/wp\/v2\/users\/1"}],"replies":[{"embeddable":true,"href":"https:\/\/maisoncalifornia.fr\/index.php?rest_route=%2Fwp%2Fv2%2Fcomments&post=862"}],"version-history":[{"count":7,"href":"https:\/\/maisoncalifornia.fr\/index.php?rest_route=\/wp\/v2\/pages\/862\/revisions"}],"predecessor-version":[{"id":874,"href":"https:\/\/maisoncalifornia.fr\/index.php?rest_route=\/wp\/v2\/pages\/862\/revisions\/874"}],"wp:attachment":[{"href":"https:\/\/maisoncalifornia.fr\/index.php?rest_route=%2Fwp%2Fv2%2Fmedia&parent=862"}],"curies":[{"name":"wp","href":"https:\/\/api.w.org\/{rel}","templated":true}]}}