{"id":680,"date":"2019-06-19T16:45:43","date_gmt":"2019-06-19T14:45:43","guid":{"rendered":"http:\/\/maisond.cluster024.hosting.ovh.net\/?page_id=680"},"modified":"2019-06-21T16:40:53","modified_gmt":"2019-06-21T14:40:53","slug":"interview-de-sandrine","status":"publish","type":"page","link":"https:\/\/maisoncalifornia.fr\/?page_id=680","title":{"rendered":"Sandrine"},"content":{"rendered":"\n<div class=\"wp-block-cover is-layout-flow wp-block-cover-is-layout-flow\" style=\"background-image:url(http:\/\/maisond.cluster024.hosting.ovh.net\/wp-content\/uploads\/2019\/06\/58DB3838-84BB-4561-8C03-5131C9875906.jpeg)\"><p class=\"wp-block-cover-text\">Les vignobles, selon Sandrine<\/p><\/div>\n\n\n\n<h1 class=\"wp-block-heading\">L\u2019interview de Sandrine, 49 ans, mari\u00e9e \u00e0 un Fran\u00e7ais, qui vit aux US depuis 20 ans et en Californie depuis 4 ans.  <\/h1>\n\n\n\n<div class=\"wp-block-columns has-2-columns is-layout-flex wp-container-core-columns-is-layout-9d6595d7 wp-block-columns-is-layout-flex\">\n<div class=\"wp-block-column is-layout-flow wp-block-column-is-layout-flow\">\n<h6 class=\"wp-block-heading\">POURQUOI LA CALIFORNIE?&nbsp;DEPUIS COMBIEN DE TEMPS VIVEZ-VOUS EN CALIFORNIE?<\/h6>\n\n\n\n<p class=\"has-drop-cap\">4 ans. Ce n\u2019\u00e9tait pas un choix mon mari a \u00e9t\u00e9 embauch\u00e9 en CA.<br><\/p>\n\n\n\n<h6 class=\"wp-block-heading\">QUE REPR\u00c9SENTE POUR VOUS LE LIFESTYLE (L\u2019ART DE VIVRE) CALIFORNIEN?&nbsp;<\/h6>\n\n\n\n<p>Diff\u00e9rent de la Floride, moins chaud, plus sec. L\u2019ambiance est aussi diff\u00e9rente car c\u2019est une r\u00e9gion tr\u00e8s agricole (l\u00e0 ou je vis) avec beaucoup de Mexicains \u2013 des gens tr\u00e8s travailleurs, de grandes familles. <\/p>\n\n\n\n<blockquote class=\"wp-block-quote is-style-large is-layout-flow wp-block-quote-is-layout-flow\"><p>&#8220;Pour moi ce sont des champs de fraises, des collines d\u2019herbe br\u00fbl\u00e9e, des vignes \u00e0 perte de vue, des chevaux et des for\u00eats de ch\u00eanes californien&#8221;. <\/p><\/blockquote>\n\n\n\n<p>Beaucoup de maisons de style neo hispanique, des cactus et des palmiers. On peut trouver des l\u00e9gumes et fruits frais toute l\u2019ann\u00e9e, locaux.<\/p>\n\n\n\n<h6 class=\"wp-block-heading\">QUELLE EST VOTRE JOURN\u00c9E TYPE EN CALIFORNIE?&nbsp;<\/h6>\n\n\n\n<p>Je fais des courses le matin, ou je travaille comme b\u00e9n\u00e9vole (traductrice). L\u2019apr\u00e8s-midi je travaille a mi temps comme biblioth\u00e9caire dans une petite ville de 2000 habitants tr\u00e8s \u00ab western\u2019 \u00bb avec un saloon et une rue principale d\u00e9serte la plupart du temps.<br><\/p>\n\n\n\n<h6 class=\"wp-block-heading\">QUE FAITES-VOUS LE WEEK-END OU DURANT LES P\u00c9RIODES DE VACANCES?&nbsp;<\/h6>\n\n\n\n<p>Pour de longues vacances nous partons explorer un parc national ou dans une autre grande ville am\u00e9ricaine. Pour les weekends nous allons souvent faire un barbecue en bord de falaise avec nos amis, ou alors nous allons acheter du poisson et marcher sur la jet\u00e9e a Avila beach, ou encore nous faisons une rando dans les collines avec vue sur la mer.<br><\/p>\n\n\n\n<h6 class=\"wp-block-heading\">QUELLE EST VOTRE ACTIVIT\u00c9 FAVORITE (LOISIR OU AUTRE) EN CALIFORNIE?&nbsp;<\/h6>\n\n\n\n<p>Les randonn\u00e9es, car il y a beaucoup de chemins a explorer en bord de mer ou dans les collines et la nature est magnifique ici.<br><\/p>\n\n\n\n<h6 class=\"wp-block-heading\">QUI REPR\u00c9SENTERAIT POUR VOUS LE MIEUX LE LIFESTYLE CALIFORNIEN (PERSONNALIT\u00c9)?&nbsp;<\/h6>\n\n\n\n<p>Jennifer Aniston.<\/p>\n<\/div>\n\n\n\n<div class=\"wp-block-column is-layout-flow wp-block-column-is-layout-flow\">\n<h6 class=\"wp-block-heading\">SI VOUS DEVIEZ RETENIR UN OBJET EMBL\u00c9MATIQUE?&nbsp;<\/h6>\n\n\n\n<p>Le barbecue de Santa Maria, je n\u2019en avais jamais vu avant c\u2019est une boite en metal avec une grille pour mettre la viande. Cette grille peut se monter ou se baisser avec une poulie pour ajuster la temp\u00e9rature.<br><\/p>\n\n\n\n<h6 class=\"wp-block-heading\">SI VOUS DEVIEZ RETENIR UN EMBL\u00c8ME OU UN SITE EMBL\u00c9MATIQUE DE LA CALIFORNIE (FAVORI, EX: MONUMENT, ARCHITECTURE)?&nbsp;<\/h6>\n\n\n\n<p>Les cloches en m\u00e9tal qui jalonnent la US 101 et marquent le chemin de pelerinage entre les diff\u00e9rentes missions entre LA et SF.<br><\/p>\n\n\n\n<h6 class=\"wp-block-heading\">UN LIVRE? ET UN FILM LE PLUS CULTE\/REPR\u00c9SENTATIF POUR VOUS DE LA CALIFORNIE?&nbsp;<\/h6>\n\n\n\n<p>La s\u00e9rie Little big lies avec Nicole Kidmann repr\u00e9sente bien la r\u00e9gion ou je vis.<br><\/p>\n\n\n\n<h6 class=\"wp-block-heading\">QU\u2019EST-CE QUE VOUS TROUVEZ EN CALIFORNIE QUE VOUS NE TROUVERIEZ PAS EN FRANCE?&nbsp;<\/h6>\n\n\n\n<blockquote class=\"wp-block-quote is-layout-flow wp-block-quote-is-layout-flow\"><p>Les grands espaces et des gens aimables au quotidien.<br><\/p><\/blockquote>\n\n\n\n<h6 class=\"wp-block-heading\">QU\u2019EST-CE QUE VOUS TROUVEZ EN FRANCE QUE VOUS NE TROUVEZ PAS EN CALIFORNIE?&nbsp;<\/h6>\n\n\n\n<p>Des livres et des magazines en fran\u00e7ais. L\u2019art du d\u00e9bat, ici on \u00e9vite les controverses.<br><\/p>\n\n\n\n<h6 class=\"wp-block-heading\">QUELLES SONT VOS BONNES ADRESSES \u00c0 PARTAGER (FOOD, DECO, MODE, BEAUT\u00c9)?&nbsp;<\/h6>\n\n\n\n<p style=\"background-color:#ff9a92\" class=\"has-background\"><strong>La mission la Purisima \u00e0 Lompoc, le barbecue de Santa Maria dans un restaurant comme le Hitching Post \u00e0 Buellton, les p\u00e2tisseries danoises \u00e0 Solvang.<\/strong><\/p>\n\n\n\n<h6 class=\"wp-block-heading\" id=\"mce_43\">QUEL PARALLELE ENTRE LA FRANCE ET LA CALIFORNIE ?<\/h6>\n\n\n\n<p>La r\u00e9gion ou je vis ressemble parfois au sud de la France. Santa Barbara a des airs de Nice pas pour l\u2019architecture mais pour l\u2019environnement (cypr\u00e8s, montagne blanche a l\u2019arri\u00e8re, lauriers roses, climat).<\/p>\n\n\n\n<h6 class=\"wp-block-heading\">QU\u2019EST-CE QUE VOUS REGRETTERIEZ SI VOUS QUITTIEZ LA CALIFORNIE?&nbsp;<br><\/h6>\n\n\n\n<p>La gentillesse des gens, le climat temp\u00e9r\u00e9 et la nourriture fraiche, ainsi que la facilit\u00e9 de conduite (pas d\u2019embouteillages dans ma r\u00e9gion).<\/p>\n<\/div>\n<\/div>\n","protected":false},"excerpt":{"rendered":"<p>L\u2019interview de Sandrine, 49 ans, mari\u00e9e \u00e0 un Fran\u00e7ais, qui vit aux US depuis 20 ans et en Californie depuis 4 ans. POURQUOI LA CALIFORNIE?&nbsp;DEPUIS COMBIEN DE TEMPS VIVEZ-VOUS EN CALIFORNIE? 4 ans. Ce n\u2019\u00e9tait pas un choix mon mari a \u00e9t\u00e9 embauch\u00e9 en CA. QUE REPR\u00c9SENTE POUR VOUS LE LIFESTYLE (L\u2019ART DE VIVRE) CALIFORNIEN?&nbsp; Diff\u00e9rent de la Floride, moins chaud, plus sec. L\u2019ambiance est &hellip; <\/p>\n","protected":false},"author":1,"featured_media":0,"parent":544,"menu_order":0,"comment_status":"closed","ping_status":"closed","template":"","meta":{"jetpack_post_was_ever_published":false,"footnotes":""},"class_list":["post-680","page","type-page","status-publish","hentry","latest_post"],"jetpack_sharing_enabled":true,"jetpack_shortlink":"https:\/\/wp.me\/PaWNfV-aY","_links":{"self":[{"href":"https:\/\/maisoncalifornia.fr\/index.php?rest_route=\/wp\/v2\/pages\/680","targetHints":{"allow":["GET"]}}],"collection":[{"href":"https:\/\/maisoncalifornia.fr\/index.php?rest_route=\/wp\/v2\/pages"}],"about":[{"href":"https:\/\/maisoncalifornia.fr\/index.php?rest_route=\/wp\/v2\/types\/page"}],"author":[{"embeddable":true,"href":"https:\/\/maisoncalifornia.fr\/index.php?rest_route=\/wp\/v2\/users\/1"}],"replies":[{"embeddable":true,"href":"https:\/\/maisoncalifornia.fr\/index.php?rest_route=%2Fwp%2Fv2%2Fcomments&post=680"}],"version-history":[{"count":15,"href":"https:\/\/maisoncalifornia.fr\/index.php?rest_route=\/wp\/v2\/pages\/680\/revisions"}],"predecessor-version":[{"id":809,"href":"https:\/\/maisoncalifornia.fr\/index.php?rest_route=\/wp\/v2\/pages\/680\/revisions\/809"}],"up":[{"embeddable":true,"href":"https:\/\/maisoncalifornia.fr\/index.php?rest_route=\/wp\/v2\/pages\/544"}],"wp:attachment":[{"href":"https:\/\/maisoncalifornia.fr\/index.php?rest_route=%2Fwp%2Fv2%2Fmedia&parent=680"}],"curies":[{"name":"wp","href":"https:\/\/api.w.org\/{rel}","templated":true}]}}