{"id":3553,"date":"2026-04-11T12:35:35","date_gmt":"2026-04-11T10:35:35","guid":{"rendered":"https:\/\/maisoncalifornia.fr\/?page_id=3553"},"modified":"2026-04-11T14:37:06","modified_gmt":"2026-04-11T12:37:06","slug":"red-cookie-2","status":"publish","type":"page","link":"https:\/\/maisoncalifornia.fr\/?page_id=3553","title":{"rendered":"Red Cookie"},"content":{"rendered":"\n<p>Red Cookie c&#8217;est notre partie Coffee Shop avec boissons fra\u00eeches et chaudes (smoothies minute, latte, matcha&#8230;), p\u00e2tisseries maison, brunch, lunch&#8230; so fresh, so local &amp; so good vibes ! <\/p>\n\n\n<div class=\"wp-block-image\">\n<figure class=\"aligncenter size-large\"><img loading=\"lazy\" decoding=\"async\" width=\"1024\" height=\"900\" src=\"https:\/\/maisoncalifornia.fr\/wp-content\/uploads\/2025\/09\/img_5888-1-1024x900.png\" alt=\"\" class=\"wp-image-3449\" srcset=\"https:\/\/maisoncalifornia.fr\/wp-content\/uploads\/2025\/09\/img_5888-1-1024x900.png 1024w, https:\/\/maisoncalifornia.fr\/wp-content\/uploads\/2025\/09\/img_5888-1-300x264.png 300w, https:\/\/maisoncalifornia.fr\/wp-content\/uploads\/2025\/09\/img_5888-1-768x675.png 768w, https:\/\/maisoncalifornia.fr\/wp-content\/uploads\/2025\/09\/img_5888-1-68x60.png 68w, https:\/\/maisoncalifornia.fr\/wp-content\/uploads\/2025\/09\/img_5888-1-600x528.png 600w, https:\/\/maisoncalifornia.fr\/wp-content\/uploads\/2025\/09\/img_5888-1.png 1053w\" sizes=\"auto, (max-width: 1024px) 100vw, 1024px\" \/><\/figure><\/div>\n\n\n<p class=\"has-text-align-center has-vivid-purple-color has-text-color has-link-color has-medium-font-size wp-elements-ad834887e60433cfc32248e766fd6cf5\"><strong>Du mardi au samedi<\/strong><\/p>\n\n\n\n<p class=\"has-text-align-center has-vivid-purple-color has-text-color has-link-color has-medium-font-size wp-elements-ec7bbc17756e3cee9adc4218d5b3ef10\"><strong>De 8h30 \u00e0 17h30 en continu<\/strong><\/p>\n\n\n\n<p class=\"has-text-align-center has-vivid-purple-color has-text-color has-link-color has-medium-font-size wp-elements-a9266323af3d63e97e00a39dc0c5740f\">Sur place ou \u00e0 emporter ! <\/p>\n\n\n\n<p class=\"has-text-align-center has-vivid-purple-color has-text-color has-link-color has-medium-font-size wp-elements-4bd5afeb27031697d3e2f897bccd99f3\">Wifi gratuit &amp; dog friendly<\/p>\n\n\n\n<p class=\"has-text-align-center has-vivid-purple-color has-text-color has-link-color has-medium-font-size wp-elements-80da53ff4106ff14a1215c338970618b\" style=\"text-decoration:underline\">190 rue du G\u00e9n\u00e9ral de Gaulle<\/p>\n\n\n\n<p class=\"has-text-align-center has-vivid-purple-color has-text-color has-link-color has-medium-font-size wp-elements-603298d44bd46634a7b3f95694e80460\" style=\"text-decoration:underline\">97434 SAINT-GILLES LES BAINS<\/p>\n\n\n\n<p class=\"has-text-align-center has-vivid-purple-color has-text-color has-link-color has-medium-font-size wp-elements-0cb9879cf86c26f79ef1f10b9bf3ac05\">Tel. : 0263.05.77.93<\/p>\n\n\n\n<hr class=\"wp-block-separator has-alpha-channel-opacity\"\/>\n\n\n\n<p>D\u00e9couvre toute notre carte juste ici :<\/p>\n\n\n\n<div class=\"wp-block-jetpack-slideshow aligncenter\" data-effect=\"slide\"><div class=\"wp-block-jetpack-slideshow_container swiper-container\"><ul class=\"wp-block-jetpack-slideshow_swiper-wrapper swiper-wrapper\"><li class=\"wp-block-jetpack-slideshow_slide swiper-slide\"><figure><img loading=\"lazy\" decoding=\"async\" width=\"1080\" height=\"1350\" alt=\"\" class=\"wp-block-jetpack-slideshow_image wp-image-3561\" data-id=\"3561\" src=\"https:\/\/maisoncalifornia.fr\/wp-content\/uploads\/2026\/04\/votre-texte-de-paragraphe-publication-instagram-45-2.png\" srcset=\"https:\/\/maisoncalifornia.fr\/wp-content\/uploads\/2026\/04\/votre-texte-de-paragraphe-publication-instagram-45-2.png 1080w, https:\/\/maisoncalifornia.fr\/wp-content\/uploads\/2026\/04\/votre-texte-de-paragraphe-publication-instagram-45-2-240x300.png 240w\" sizes=\"auto, (max-width: 1080px) 100vw, 1080px\" \/><\/figure><\/li><li class=\"wp-block-jetpack-slideshow_slide swiper-slide\"><figure><img loading=\"lazy\" decoding=\"async\" width=\"1080\" height=\"1350\" alt=\"\" class=\"wp-block-jetpack-slideshow_image wp-image-3560\" data-id=\"3560\" src=\"https:\/\/maisoncalifornia.fr\/wp-content\/uploads\/2026\/04\/votre-texte-de-paragraphe-publication-instagram-45-3.png\" srcset=\"https:\/\/maisoncalifornia.fr\/wp-content\/uploads\/2026\/04\/votre-texte-de-paragraphe-publication-instagram-45-3.png 1080w, https:\/\/maisoncalifornia.fr\/wp-content\/uploads\/2026\/04\/votre-texte-de-paragraphe-publication-instagram-45-3-240x300.png 240w\" sizes=\"auto, (max-width: 1080px) 100vw, 1080px\" \/><\/figure><\/li><li class=\"wp-block-jetpack-slideshow_slide swiper-slide\"><figure><img loading=\"lazy\" decoding=\"async\" width=\"1415\" height=\"2000\" alt=\"\" class=\"wp-block-jetpack-slideshow_image wp-image-3559\" data-id=\"3559\" src=\"https:\/\/maisoncalifornia.fr\/wp-content\/uploads\/2026\/04\/noir-et-blanc-illustratif-cafe-brunch-menu-2.png\" srcset=\"https:\/\/maisoncalifornia.fr\/wp-content\/uploads\/2026\/04\/noir-et-blanc-illustratif-cafe-brunch-menu-2.png 1415w, https:\/\/maisoncalifornia.fr\/wp-content\/uploads\/2026\/04\/noir-et-blanc-illustratif-cafe-brunch-menu-2-212x300.png 212w\" sizes=\"auto, (max-width: 1415px) 100vw, 1415px\" \/><\/figure><\/li><li class=\"wp-block-jetpack-slideshow_slide swiper-slide\"><figure><img loading=\"lazy\" decoding=\"async\" width=\"1415\" height=\"2000\" alt=\"\" class=\"wp-block-jetpack-slideshow_image wp-image-3557\" data-id=\"3557\" src=\"https:\/\/maisoncalifornia.fr\/wp-content\/uploads\/2026\/04\/img_1888.png\" srcset=\"https:\/\/maisoncalifornia.fr\/wp-content\/uploads\/2026\/04\/img_1888.png 1415w, https:\/\/maisoncalifornia.fr\/wp-content\/uploads\/2026\/04\/img_1888-212x300.png 212w\" sizes=\"auto, (max-width: 1415px) 100vw, 1415px\" \/><\/figure><\/li><li class=\"wp-block-jetpack-slideshow_slide swiper-slide\"><figure><img loading=\"lazy\" decoding=\"async\" width=\"1080\" height=\"1920\" alt=\"\" class=\"wp-block-jetpack-slideshow_image wp-image-3558\" data-id=\"3558\" src=\"https:\/\/maisoncalifornia.fr\/wp-content\/uploads\/2026\/04\/beige-e-naturale-collage-elegante-e-poetico-diario-o-tavola-di-ispirazione-moda-storia-di-instagram.png\" srcset=\"https:\/\/maisoncalifornia.fr\/wp-content\/uploads\/2026\/04\/beige-e-naturale-collage-elegante-e-poetico-diario-o-tavola-di-ispirazione-moda-storia-di-instagram.png 1080w, https:\/\/maisoncalifornia.fr\/wp-content\/uploads\/2026\/04\/beige-e-naturale-collage-elegante-e-poetico-diario-o-tavola-di-ispirazione-moda-storia-di-instagram-169x300.png 169w\" sizes=\"auto, (max-width: 1080px) 100vw, 1080px\" \/><\/figure><\/li><li class=\"wp-block-jetpack-slideshow_slide swiper-slide\"><figure><img loading=\"lazy\" decoding=\"async\" width=\"1080\" height=\"1350\" alt=\"\" class=\"wp-block-jetpack-slideshow_image wp-image-3554\" data-id=\"3554\" src=\"https:\/\/maisoncalifornia.fr\/wp-content\/uploads\/2026\/04\/votre-texte-de-paragraphe-publication-instagram-45.png\" srcset=\"https:\/\/maisoncalifornia.fr\/wp-content\/uploads\/2026\/04\/votre-texte-de-paragraphe-publication-instagram-45.png 1080w, https:\/\/maisoncalifornia.fr\/wp-content\/uploads\/2026\/04\/votre-texte-de-paragraphe-publication-instagram-45-240x300.png 240w\" sizes=\"auto, (max-width: 1080px) 100vw, 1080px\" \/><\/figure><\/li><\/ul><a class=\"wp-block-jetpack-slideshow_button-prev swiper-button-prev swiper-button-white\" role=\"button\"><\/a><a class=\"wp-block-jetpack-slideshow_button-next swiper-button-next swiper-button-white\" role=\"button\"><\/a><a aria-label=\"Pause Slideshow\" class=\"wp-block-jetpack-slideshow_button-pause\" role=\"button\"><\/a><div class=\"wp-block-jetpack-slideshow_pagination swiper-pagination swiper-pagination-white\"><\/div><\/div><\/div>\n\n\n\n<hr class=\"wp-block-separator has-alpha-channel-opacity\"\/>\n\n\n\n<figure class=\"wp-block-gallery has-nested-images columns-default is-cropped wp-block-gallery-1 is-layout-flex wp-block-gallery-is-layout-flex\">\n<figure class=\"wp-block-image size-large\"><img loading=\"lazy\" decoding=\"async\" width=\"683\" height=\"1024\" data-id=\"3447\" src=\"https:\/\/maisoncalifornia.fr\/wp-content\/uploads\/2025\/09\/img_2464-1-683x1024.jpg\" alt=\"\" class=\"wp-image-3447\" srcset=\"https:\/\/maisoncalifornia.fr\/wp-content\/uploads\/2025\/09\/img_2464-1-683x1024.jpg 683w, https:\/\/maisoncalifornia.fr\/wp-content\/uploads\/2025\/09\/img_2464-1-200x300.jpg 200w, https:\/\/maisoncalifornia.fr\/wp-content\/uploads\/2025\/09\/img_2464-1-768x1151.jpg 768w, https:\/\/maisoncalifornia.fr\/wp-content\/uploads\/2025\/09\/img_2464-1-1025x1536.jpg 1025w, https:\/\/maisoncalifornia.fr\/wp-content\/uploads\/2025\/09\/img_2464-1-40x60.jpg 40w, https:\/\/maisoncalifornia.fr\/wp-content\/uploads\/2025\/09\/img_2464-1-600x900.jpg 600w, https:\/\/maisoncalifornia.fr\/wp-content\/uploads\/2025\/09\/img_2464-1.jpg 1334w\" sizes=\"auto, (max-width: 683px) 100vw, 683px\" \/><\/figure>\n\n\n\n<figure class=\"wp-block-image size-large\"><img loading=\"lazy\" decoding=\"async\" width=\"683\" height=\"1024\" data-id=\"3446\" src=\"https:\/\/maisoncalifornia.fr\/wp-content\/uploads\/2025\/09\/img_2788-1-683x1024.jpg\" alt=\"\" class=\"wp-image-3446\" srcset=\"https:\/\/maisoncalifornia.fr\/wp-content\/uploads\/2025\/09\/img_2788-1-683x1024.jpg 683w, https:\/\/maisoncalifornia.fr\/wp-content\/uploads\/2025\/09\/img_2788-1-200x300.jpg 200w, https:\/\/maisoncalifornia.fr\/wp-content\/uploads\/2025\/09\/img_2788-1-768x1151.jpg 768w, https:\/\/maisoncalifornia.fr\/wp-content\/uploads\/2025\/09\/img_2788-1-1025x1536.jpg 1025w, https:\/\/maisoncalifornia.fr\/wp-content\/uploads\/2025\/09\/img_2788-1-40x60.jpg 40w, https:\/\/maisoncalifornia.fr\/wp-content\/uploads\/2025\/09\/img_2788-1-600x900.jpg 600w, https:\/\/maisoncalifornia.fr\/wp-content\/uploads\/2025\/09\/img_2788-1.jpg 1334w\" sizes=\"auto, (max-width: 683px) 100vw, 683px\" \/><\/figure>\n\n\n\n<figure class=\"wp-block-image size-large\"><img loading=\"lazy\" decoding=\"async\" width=\"683\" height=\"1024\" data-id=\"3410\" src=\"https:\/\/maisoncalifornia.fr\/wp-content\/uploads\/2025\/09\/img_3965-1-683x1024.jpg\" alt=\"\" class=\"wp-image-3410\" srcset=\"https:\/\/maisoncalifornia.fr\/wp-content\/uploads\/2025\/09\/img_3965-1-683x1024.jpg 683w, https:\/\/maisoncalifornia.fr\/wp-content\/uploads\/2025\/09\/img_3965-1-200x300.jpg 200w, https:\/\/maisoncalifornia.fr\/wp-content\/uploads\/2025\/09\/img_3965-1-768x1151.jpg 768w, https:\/\/maisoncalifornia.fr\/wp-content\/uploads\/2025\/09\/img_3965-1-1025x1536.jpg 1025w, https:\/\/maisoncalifornia.fr\/wp-content\/uploads\/2025\/09\/img_3965-1-40x60.jpg 40w, https:\/\/maisoncalifornia.fr\/wp-content\/uploads\/2025\/09\/img_3965-1-600x900.jpg 600w, https:\/\/maisoncalifornia.fr\/wp-content\/uploads\/2025\/09\/img_3965-1.jpg 1334w\" sizes=\"auto, (max-width: 683px) 100vw, 683px\" \/><\/figure>\n\n\n\n<figure class=\"wp-block-image size-large\"><img loading=\"lazy\" decoding=\"async\" width=\"683\" height=\"1024\" data-id=\"3409\" src=\"https:\/\/maisoncalifornia.fr\/wp-content\/uploads\/2025\/09\/img_4295-1-683x1024.jpg\" alt=\"\" class=\"wp-image-3409\" srcset=\"https:\/\/maisoncalifornia.fr\/wp-content\/uploads\/2025\/09\/img_4295-1-683x1024.jpg 683w, https:\/\/maisoncalifornia.fr\/wp-content\/uploads\/2025\/09\/img_4295-1-200x300.jpg 200w, https:\/\/maisoncalifornia.fr\/wp-content\/uploads\/2025\/09\/img_4295-1-768x1151.jpg 768w, https:\/\/maisoncalifornia.fr\/wp-content\/uploads\/2025\/09\/img_4295-1-1025x1536.jpg 1025w, https:\/\/maisoncalifornia.fr\/wp-content\/uploads\/2025\/09\/img_4295-1-40x60.jpg 40w, https:\/\/maisoncalifornia.fr\/wp-content\/uploads\/2025\/09\/img_4295-1-600x900.jpg 600w, https:\/\/maisoncalifornia.fr\/wp-content\/uploads\/2025\/09\/img_4295-1.jpg 1334w\" sizes=\"auto, (max-width: 683px) 100vw, 683px\" \/><\/figure>\n\n\n\n<figure class=\"wp-block-image size-large\"><img loading=\"lazy\" decoding=\"async\" width=\"683\" height=\"1024\" data-id=\"3369\" src=\"https:\/\/maisoncalifornia.fr\/wp-content\/uploads\/2025\/09\/img_3548-1-683x1024.jpg\" alt=\"\" class=\"wp-image-3369\" srcset=\"https:\/\/maisoncalifornia.fr\/wp-content\/uploads\/2025\/09\/img_3548-1-683x1024.jpg 683w, https:\/\/maisoncalifornia.fr\/wp-content\/uploads\/2025\/09\/img_3548-1-200x300.jpg 200w, https:\/\/maisoncalifornia.fr\/wp-content\/uploads\/2025\/09\/img_3548-1-768x1151.jpg 768w, https:\/\/maisoncalifornia.fr\/wp-content\/uploads\/2025\/09\/img_3548-1-1025x1536.jpg 1025w, https:\/\/maisoncalifornia.fr\/wp-content\/uploads\/2025\/09\/img_3548-1-40x60.jpg 40w, https:\/\/maisoncalifornia.fr\/wp-content\/uploads\/2025\/09\/img_3548-1-600x900.jpg 600w, https:\/\/maisoncalifornia.fr\/wp-content\/uploads\/2025\/09\/img_3548-1.jpg 1334w\" sizes=\"auto, (max-width: 683px) 100vw, 683px\" \/><\/figure>\n\n\n\n<figure class=\"wp-block-image size-large\"><img loading=\"lazy\" decoding=\"async\" width=\"683\" height=\"1024\" data-id=\"3337\" src=\"https:\/\/maisoncalifornia.fr\/wp-content\/uploads\/2025\/09\/img_3456-1-683x1024.jpg\" alt=\"\" class=\"wp-image-3337\" srcset=\"https:\/\/maisoncalifornia.fr\/wp-content\/uploads\/2025\/09\/img_3456-1-683x1024.jpg 683w, https:\/\/maisoncalifornia.fr\/wp-content\/uploads\/2025\/09\/img_3456-1-200x300.jpg 200w, https:\/\/maisoncalifornia.fr\/wp-content\/uploads\/2025\/09\/img_3456-1-768x1151.jpg 768w, https:\/\/maisoncalifornia.fr\/wp-content\/uploads\/2025\/09\/img_3456-1-1025x1536.jpg 1025w, https:\/\/maisoncalifornia.fr\/wp-content\/uploads\/2025\/09\/img_3456-1-40x60.jpg 40w, https:\/\/maisoncalifornia.fr\/wp-content\/uploads\/2025\/09\/img_3456-1-600x900.jpg 600w, https:\/\/maisoncalifornia.fr\/wp-content\/uploads\/2025\/09\/img_3456-1.jpg 1334w\" sizes=\"auto, (max-width: 683px) 100vw, 683px\" \/><\/figure>\n\n\n\n<figure class=\"wp-block-image size-large\"><img loading=\"lazy\" decoding=\"async\" width=\"683\" height=\"1024\" data-id=\"3309\" src=\"https:\/\/maisoncalifornia.fr\/wp-content\/uploads\/2025\/09\/img_4248-1-683x1024.jpg\" alt=\"\" class=\"wp-image-3309\" srcset=\"https:\/\/maisoncalifornia.fr\/wp-content\/uploads\/2025\/09\/img_4248-1-683x1024.jpg 683w, https:\/\/maisoncalifornia.fr\/wp-content\/uploads\/2025\/09\/img_4248-1-200x300.jpg 200w, https:\/\/maisoncalifornia.fr\/wp-content\/uploads\/2025\/09\/img_4248-1-768x1151.jpg 768w, https:\/\/maisoncalifornia.fr\/wp-content\/uploads\/2025\/09\/img_4248-1-1025x1536.jpg 1025w, https:\/\/maisoncalifornia.fr\/wp-content\/uploads\/2025\/09\/img_4248-1-40x60.jpg 40w, https:\/\/maisoncalifornia.fr\/wp-content\/uploads\/2025\/09\/img_4248-1-600x900.jpg 600w, https:\/\/maisoncalifornia.fr\/wp-content\/uploads\/2025\/09\/img_4248-1.jpg 1334w\" sizes=\"auto, (max-width: 683px) 100vw, 683px\" \/><\/figure>\n\n\n\n<figure class=\"wp-block-image size-large\"><img loading=\"lazy\" decoding=\"async\" width=\"683\" height=\"1024\" data-id=\"3345\" src=\"https:\/\/maisoncalifornia.fr\/wp-content\/uploads\/2025\/09\/img_4255-1-683x1024.jpg\" alt=\"\" class=\"wp-image-3345\" srcset=\"https:\/\/maisoncalifornia.fr\/wp-content\/uploads\/2025\/09\/img_4255-1-683x1024.jpg 683w, https:\/\/maisoncalifornia.fr\/wp-content\/uploads\/2025\/09\/img_4255-1-200x300.jpg 200w, https:\/\/maisoncalifornia.fr\/wp-content\/uploads\/2025\/09\/img_4255-1-768x1151.jpg 768w, https:\/\/maisoncalifornia.fr\/wp-content\/uploads\/2025\/09\/img_4255-1-1025x1536.jpg 1025w, https:\/\/maisoncalifornia.fr\/wp-content\/uploads\/2025\/09\/img_4255-1-40x60.jpg 40w, https:\/\/maisoncalifornia.fr\/wp-content\/uploads\/2025\/09\/img_4255-1-600x900.jpg 600w, https:\/\/maisoncalifornia.fr\/wp-content\/uploads\/2025\/09\/img_4255-1.jpg 1334w\" sizes=\"auto, (max-width: 683px) 100vw, 683px\" \/><\/figure>\n\n\n\n<figure class=\"wp-block-image size-large\"><img loading=\"lazy\" decoding=\"async\" width=\"683\" height=\"1024\" data-id=\"3371\" src=\"https:\/\/maisoncalifornia.fr\/wp-content\/uploads\/2025\/09\/img_3550-1-683x1024.jpg\" alt=\"\" class=\"wp-image-3371\" srcset=\"https:\/\/maisoncalifornia.fr\/wp-content\/uploads\/2025\/09\/img_3550-1-683x1024.jpg 683w, https:\/\/maisoncalifornia.fr\/wp-content\/uploads\/2025\/09\/img_3550-1-200x300.jpg 200w, https:\/\/maisoncalifornia.fr\/wp-content\/uploads\/2025\/09\/img_3550-1-768x1151.jpg 768w, https:\/\/maisoncalifornia.fr\/wp-content\/uploads\/2025\/09\/img_3550-1-1025x1536.jpg 1025w, https:\/\/maisoncalifornia.fr\/wp-content\/uploads\/2025\/09\/img_3550-1-40x60.jpg 40w, https:\/\/maisoncalifornia.fr\/wp-content\/uploads\/2025\/09\/img_3550-1-600x900.jpg 600w, https:\/\/maisoncalifornia.fr\/wp-content\/uploads\/2025\/09\/img_3550-1.jpg 1334w\" sizes=\"auto, (max-width: 683px) 100vw, 683px\" \/><\/figure>\n\n\n\n<figure class=\"wp-block-image size-large\"><img loading=\"lazy\" decoding=\"async\" width=\"683\" height=\"1024\" data-id=\"3425\" src=\"https:\/\/maisoncalifornia.fr\/wp-content\/uploads\/2025\/09\/img_4256-1-683x1024.jpg\" alt=\"\" class=\"wp-image-3425\" srcset=\"https:\/\/maisoncalifornia.fr\/wp-content\/uploads\/2025\/09\/img_4256-1-683x1024.jpg 683w, https:\/\/maisoncalifornia.fr\/wp-content\/uploads\/2025\/09\/img_4256-1-200x300.jpg 200w, https:\/\/maisoncalifornia.fr\/wp-content\/uploads\/2025\/09\/img_4256-1-768x1151.jpg 768w, https:\/\/maisoncalifornia.fr\/wp-content\/uploads\/2025\/09\/img_4256-1-1025x1536.jpg 1025w, https:\/\/maisoncalifornia.fr\/wp-content\/uploads\/2025\/09\/img_4256-1-40x60.jpg 40w, https:\/\/maisoncalifornia.fr\/wp-content\/uploads\/2025\/09\/img_4256-1-600x900.jpg 600w, https:\/\/maisoncalifornia.fr\/wp-content\/uploads\/2025\/09\/img_4256-1.jpg 1334w\" sizes=\"auto, (max-width: 683px) 100vw, 683px\" \/><\/figure>\n<\/figure>\n","protected":false},"excerpt":{"rendered":"<p>Red Cookie c&#8217;est notre partie Coffee Shop avec boissons fra\u00eeches et chaudes (smoothies minute, latte, matcha&#8230;), p\u00e2tisseries maison, brunch, lunch&#8230; so fresh, so local &amp; so good vibes ! Du mardi au samedi De 8h30 \u00e0 17h30 en continu Sur place ou \u00e0 emporter ! Wifi gratuit &amp; dog friendly 190 rue du G\u00e9n\u00e9ral de Gaulle 97434 SAINT-GILLES LES BAINS Tel. : 0263.05.77.93 D\u00e9couvre toute &hellip; <\/p>\n","protected":false},"author":1,"featured_media":0,"parent":0,"menu_order":0,"comment_status":"closed","ping_status":"closed","template":"","meta":{"jetpack_post_was_ever_published":false,"footnotes":""},"class_list":["post-3553","page","type-page","status-publish","hentry","latest_post"],"jetpack_sharing_enabled":true,"jetpack_shortlink":"https:\/\/wp.me\/PaWNfV-Vj","_links":{"self":[{"href":"https:\/\/maisoncalifornia.fr\/index.php?rest_route=\/wp\/v2\/pages\/3553","targetHints":{"allow":["GET"]}}],"collection":[{"href":"https:\/\/maisoncalifornia.fr\/index.php?rest_route=\/wp\/v2\/pages"}],"about":[{"href":"https:\/\/maisoncalifornia.fr\/index.php?rest_route=\/wp\/v2\/types\/page"}],"author":[{"embeddable":true,"href":"https:\/\/maisoncalifornia.fr\/index.php?rest_route=\/wp\/v2\/users\/1"}],"replies":[{"embeddable":true,"href":"https:\/\/maisoncalifornia.fr\/index.php?rest_route=%2Fwp%2Fv2%2Fcomments&post=3553"}],"version-history":[{"count":9,"href":"https:\/\/maisoncalifornia.fr\/index.php?rest_route=\/wp\/v2\/pages\/3553\/revisions"}],"predecessor-version":[{"id":3590,"href":"https:\/\/maisoncalifornia.fr\/index.php?rest_route=\/wp\/v2\/pages\/3553\/revisions\/3590"}],"wp:attachment":[{"href":"https:\/\/maisoncalifornia.fr\/index.php?rest_route=%2Fwp%2Fv2%2Fmedia&parent=3553"}],"curies":[{"name":"wp","href":"https:\/\/api.w.org\/{rel}","templated":true}]}}