{"id":2876,"date":"2024-05-02T11:11:42","date_gmt":"2024-05-02T09:11:42","guid":{"rendered":"https:\/\/maisoncalifornia.fr\/?page_id=2876"},"modified":"2025-06-25T13:21:04","modified_gmt":"2025-06-25T11:21:04","slug":"mentions-legales","status":"publish","type":"page","link":"https:\/\/maisoncalifornia.fr\/?page_id=2876","title":{"rendered":"Mentions l\u00e9gales"},"content":{"rendered":"\n<p><strong>Propri\u00e9t\u00e9<\/strong><\/p>\n\n\n\n<p>MAISON CALIFORNIA <\/p>\n\n\n\n<p>Adresse :\u00a0190 rue du G\u00e9n\u00e9ral de Gaulle<\/p>\n\n\n\n<p>97434 SAINT-PAUL<\/p>\n\n\n\n<p>Mail :&nbsp;letsgetboho@gmail.com<\/p>\n\n\n\n<p>Siret :\u00a094288387700014<\/p>\n\n\n\n<p><strong>H\u00e9bergement&nbsp;<\/strong><\/p>\n\n\n\n<p>Le site internet est h\u00e9berg\u00e9 par la soci\u00e9t\u00e9 OVH<\/p>\n\n\n\n<p>Adresse : 2 rue Kellermann &#8211; 59100 ROUBAIX<\/p>\n\n\n\n<p>Mail :&nbsp;<a href=\"mailto:legal@kinsta.com\">support@ovh.com<\/a><\/p>\n\n\n\n<p>Datacenter : Roubaix, France<\/p>\n\n\n\n<p>Le site internet www.maisoncalifornia.fr est h\u00e9berg\u00e9 sur un serveur situ\u00e9 en France<\/p>\n\n\n\n<p><strong>Conception et maintenance<\/strong><\/p>\n\n\n\n<p>La cr\u00e9ation et la maintenance de www.maisoncalifornia.fr sont r\u00e9alis\u00e9es par Lola AUSTRUY (LOCREA PRODUCTION)<\/p>\n\n\n\n<p>Adresse : 4 rue des Seychelles &#8211; 97434 SAINT-PAUL<\/p>\n\n\n\n<p>Adresse mail de contact :&nbsp;<a href=\"mailto:contact@reunioweb.com\">locreagency@gmail.com<\/a><\/p>\n\n\n\n<p><strong>Copyright&nbsp;<\/strong><\/p>\n\n\n\n<p>Toute reproduction ou distribution non autoris\u00e9es des informations, logos et images de ce site est interdite. Toutes les images sont la propri\u00e9t\u00e9 de www.maisoncalifornia.fr et\/ou de leurs propri\u00e9taires respectifs.&nbsp;<\/p>\n\n\n\n<p><strong>Responsabilit\u00e9<\/strong><\/p>\n\n\n\n<p>MAISON CALIFORNIA ne peut \u00eatre tenu responsable de l\u2019interpr\u00e9tation des informations contenues dans son site ou des informations envoy\u00e9es par e-mail, ni des cons\u00e9quences de leur utilisation.<\/p>\n\n\n\n<p>MAISON CALIFORNIA ne peut \u00eatre tenu responsable du contenu des sites vers lesquels ses sites renvoient. OVH, MAISON CALIFORNIA et Lola AUSTRUY respectent le r\u00e8glement g\u00e9n\u00e9ral sur la protection des donn\u00e9es en vigueur en France et en Europe.&nbsp;<\/p>\n\n\n\n<p>Tous litiges li\u00e9s \u00e0 ce site rel\u00e8vent de la comp\u00e9tence exclusive des tribunaux de Saint Denis (La R\u00e9union).<\/p>\n\n\n\n<p>La consultation de ce site implique l\u2019acceptation de cette clause d\u2019attribution de juridiction.&nbsp;<\/p>\n","protected":false},"excerpt":{"rendered":"<p>Propri\u00e9t\u00e9 MAISON CALIFORNIA Adresse :\u00a0190 rue du G\u00e9n\u00e9ral de Gaulle 97434 SAINT-PAUL Mail :&nbsp;letsgetboho@gmail.com Siret :\u00a094288387700014 H\u00e9bergement&nbsp; Le site internet est h\u00e9berg\u00e9 par la soci\u00e9t\u00e9 OVH Adresse : 2 rue Kellermann &#8211; 59100 ROUBAIX Mail :&nbsp;support@ovh.com Datacenter : Roubaix, France Le site internet www.maisoncalifornia.fr est h\u00e9berg\u00e9 sur un serveur situ\u00e9 en France Conception et maintenance La cr\u00e9ation et la maintenance de www.maisoncalifornia.fr sont r\u00e9alis\u00e9es par &hellip; <\/p>\n","protected":false},"author":1,"featured_media":0,"parent":0,"menu_order":0,"comment_status":"closed","ping_status":"closed","template":"","meta":{"jetpack_post_was_ever_published":false,"footnotes":""},"class_list":["post-2876","page","type-page","status-publish","hentry","latest_post"],"jetpack_sharing_enabled":true,"jetpack_shortlink":"https:\/\/wp.me\/PaWNfV-Ko","_links":{"self":[{"href":"https:\/\/maisoncalifornia.fr\/index.php?rest_route=\/wp\/v2\/pages\/2876","targetHints":{"allow":["GET"]}}],"collection":[{"href":"https:\/\/maisoncalifornia.fr\/index.php?rest_route=\/wp\/v2\/pages"}],"about":[{"href":"https:\/\/maisoncalifornia.fr\/index.php?rest_route=\/wp\/v2\/types\/page"}],"author":[{"embeddable":true,"href":"https:\/\/maisoncalifornia.fr\/index.php?rest_route=\/wp\/v2\/users\/1"}],"replies":[{"embeddable":true,"href":"https:\/\/maisoncalifornia.fr\/index.php?rest_route=%2Fwp%2Fv2%2Fcomments&post=2876"}],"version-history":[{"count":3,"href":"https:\/\/maisoncalifornia.fr\/index.php?rest_route=\/wp\/v2\/pages\/2876\/revisions"}],"predecessor-version":[{"id":3271,"href":"https:\/\/maisoncalifornia.fr\/index.php?rest_route=\/wp\/v2\/pages\/2876\/revisions\/3271"}],"wp:attachment":[{"href":"https:\/\/maisoncalifornia.fr\/index.php?rest_route=%2Fwp%2Fv2%2Fmedia&parent=2876"}],"curies":[{"name":"wp","href":"https:\/\/api.w.org\/{rel}","templated":true}]}}